214143 (base 5) in base 7?
-52245204
Convert 1011001101100000110101 (base 2) to base 7.
33660214
Convert 940ea (base 16) to base 13.
183055
-242371 (base 8) to base 12
-40189
-386094 (base 11) to base 3
-1010220112020
What is -662804 (base 11) in base 8?
-4021772
Convert db1d1 (base 15) to base 12.
296707
1483372 (base 10) to base 6
51443244
Convert 10db2d (base 14) to base 7.
4615256
Convert -22000222201 (base 3) to base 15.
-31d0a
What is -4626261 (base 9) in base 15?
-345131
What is 68233 (base 13) in base 12?
9168a
21104124 (base 6) to base 9
1136827
Convert 199019 (base 14) to base 6.
31245011
Convert -2214311333 (base 5) to base 12.
-1753b73
What is 15a3bc (base 16) in base 15?
1d02ec
Convert -16a5297 (base 11) to base 2.
-1011000001111000010000
What is -1a2321 (base 12) in base 7?
-3624262
-2031534 (base 7) to base 8
-732652
1880007 (base 10) to base 2
111001010111111000111
-43141353 (base 7) to base 13
-9b83cb
-2442133 (base 5) to base 4
-23113033
What is -342640 (base 8) in base 13?
-40b1c
2102021022022 (base 3) to base 15
1a59d2
140403324 (base 5) to base 11
44a010
Convert 1211110210 (base 4) to base 13.
116b90
What is 54186 (base 10) in base 13?
1b882
8730212 (base 11) to base 5
12412002043
What is 2175203 (base 8) in base 15?
b952e
122011002 (base 6) to base 2
1000111001111001101010
-335bef (base 16) to base 9
-6300086
Convert -201a4ab (base 13) to base 8.
-45013006
-c0725 (base 13) to base 14
-8d4b8
What is 214529 (base 13) in base 12?
317a3b
Convert -215160142 (base 7) to base 2.
-110001011111001010001010
15752 (base 8) to base 5
212041
Convert -601502 (base 8) to base 3.
-101000211200
Convert -14004152 (base 6) to base 2.
-1110010001000100100
Convert -5037237 (base 8) to base 10.
-1326751
-12640 (base 12) to base 14
-9212
Convert -11254368 (base 10) to base 6.
-1041115320
Convert 5322113 (base 9) to base 6.
141021533
Convert 426474 (base 8) to base 14.
39db6
-137047 (base 16) to base 14
-25238b
What is -203310233122 (base 4) in base 5?
-4401003231
What is -241120 (base 10) in base 7?
-2022655
Convert 239373 (base 10) to base 11.
153932
What is -2212202112110 (base 3) in base 4?
-11311223001
What is 1615505 (base 7) in base 10?
222857
Convert -420414 (base 8) to base 7.
-1120541
Convert 110000000010000100 (base 2) to base 5.
22243430
-100001101000001111 (base 2) to base 16
-21a0f
What is -2244224 (base 6) in base 15?
-2411a
What is -1001011100001101 (base 2) in base 14?
-10141
7d791 (base 16) to base 10
513937
-4b5086 (base 16) to base 12
-17a045a
Convert -39a37 (base 11) to base 16.
-df40
-2403233121 (base 5) to base 9
-11348646
-3131521 (base 8) to base 13
-231b0c
Convert -2201022000100 (base 3) to base 11.
-8a5a16
What is -2173063 (base 10) in base 8?
-10224207
What is -542234 (base 7) in base 10?
-94448
Convert -7221a (base 15) to base 7.
-3034141
What is -224345232 (base 6) in base 14?
-799108
Convert -4301653 (base 7) to base 14.
-d819a
Convert 806460 (base 14) to base 7.
51501350
What is 4427820 (base 9) in base 10?
2380851
What is -1430323220 (base 5) in base 16?
-3963a4
Convert 20122223203 (base 4) to base 7.
24516520
-111000212222 (base 3) to base 14
-696b4
Convert 33a6373 (base 11) to base 5.
3010441200
21112102 (base 4) to base 7
216430
Convert -697 (base 11) to base 10.
-832
What is 21067342 (base 8) in base 5?
2122003314
-121344212 (base 6) to base 5
-1043044400
What is 5114099 (base 12) in base 7?
243152604
10000100010111100010010 (base 2) to base 9
8140742
-54904 (base 11) to base 9
-131188
What is 102455122 (base 6) in base 8?
6722272
What is -444024 (base 9) in base 3?
-111111000211
Convert 10101111111110000100 (base 2) to base 5.
141031042
Convert -1002202210020 (base 3) to base 6.
-20320440
Convert -11011100110 (base 4) to base 16.
-145414
Convert 33230003 (base 4) to base 2.
1111101100000011
Convert 10110011111110001 (base 2) to base 11.
63259
Convert 572953 (base 10) to base 3.
1002002221111
-121012212000201 (base 3) to base 9
-17185021
What is -1101123 (base 4) in base 8?
-12133
What is -16668648 (base 9) in base 3?
-120202022201122
Convert 1dc8c (base 16) to base 11.
83726
-3257189 (base 13) to base 6
-1305402315
What is -1b8fd (base 16) in base 4?
-123203331
Convert -100454033 (base 6) to base 5.
-414434320
1939a (base 14) to base 16
f95c
What is 95743 (base 10) in base 7?
546064
Convert 121032333333 (base 4) to base 13.
14a7c32
4377834 (base 9) to base 11
1369074
7723005 (base 8) to base 12
840371
What is 84792 (base 13) in base 5?
30113303
-44271 (base 12) to base 4
-112001311
Convert 4203444 (base 5) to base 9.
114883
Convert 100100110011111100 (base 2) to base 11.
a3313
Convert -54b2 (base 15) to base 7.
-103211
What is -123302332333 (base 4) in base 8?
-33627677
22202211200001 (base 3) to base 2
10001110010000111010001
400042104 (base 5) to base 4
11332021133
-82154 (base 9) to base 10
-54076
Convert -2177b (base 15) to base 14.
-2aa60
Convert -13022343 (base 7) to base 6.
-41200540
What is -31132220 (base 4) in base 6?
-1103332
-750a73 (base 12) to base 6
-103331023
What is 1113032 (base 5) in base 10?
19767
Convert -11111011111011 (base 2) to base 6.
-202351
-114124446 (base 7) to base 6
-411443423
Convert -466474 (base 8) to base 6.
-3224140
What is 1213113312 (base 4) in base 13?
11a954
-131a60 (base 14) to base 16
-a09c4
Convert 1749da (base 14) to base 4.
3020013110
-72146a (base 11) to base 2
-100011010110110000010
121321301 (base 4) to base 8
317161
What is -1725534 (base 10) in base 15?
-241409
What is 135054545 (base 6) in base 5?
1201312012
13652316 (base 9) to base 14
c81ad5
Convert -4d461a (base 15) to base 14.
-6c831a
-697253 (base 10) to base 3
-1022102110012
Convert -10110110011010001101101 (base 2) to base 3.
-102020200011200
What is -10543435 (base 6) in base 15?
-66395
What is -1304110011 (base 5) in base 15?
-430856
10000110000110010 (base 2) to base 4
100300302
What is 10000000011100100011111 (base 2) in base 14?
7b7c19
-a84b01 (base 12) to base 4
-22022010301
What is 10100100110010001011 (base 2) in base 15?
d4ec0
-50180 (base 14) to base 5
-22124023
-12024112 (base 5) to base 3
-12122110221
What is -45251131 (base 6) in base 14?
-27b2d9
What is 354719 (base 12) in base 11?
536797
-166334010 (base 7) to base 6
-1045510140
283263 (base 9) to base 14
47088
9377 (base 11) to base 5
344201
Convert 106391 (base 15) to base 4.
2332202110
20552214 (base 6) to base 4
2103320302
-7d7b9 (base 15) to base 14
-a5ab5
Convert -1000101001111101110100 (base 2) to base 6.
-120344500
What is 2d1f8 (base 16) in base 7?
1366563
What is 58bb3 (base 16) in base 4?
1120232303
-7bf8c (base 16) to base 10
-507788
-156510 (base 12) to base 2
-1011000110001011100
What is 600252 (base 7) in base 3?
12010111220
Convert -342458 (base 11) to base 9.
-1020443
1032433014 (base 5) to base 7
24661455
-211a05 (base 15) to base 12
-63b565
14124 (base 11) to base 16
4e90
Convert -403134413 (base 5) to base 16.
-18a487
-218542 (base 10) to base 7
-1600102
What is 223201323 (base 4) in base 15?
37c69
What is 1577357 (base 8) in base 2?
1101111111011101111
Convert 10001000110110100110110 (base 2) to base 11.
2593223
-3045522 (base 8) to base 2
-11000100101101010010
Convert -cd4aa8 (base 15) to base 5.
-10001132113
Convert 15c9c26 (base 13) to base 10.
7047839
Convert 2c379 (base 15) to base 4.
202303023
Convert 113331314 (base 5) to base 11.
330008
100012020020020 (base 3) to base 10
4885926
Convert 516139 (base 10) to base 5.
113004024
-10000112202022 (base 3) to base 10
-1605077
What is 122013233 (base 5) in base 6?
20225241
Convert -22013123 (base 4) to base 14.
-11159
What is 70f7f (base 16) in base 2?
1110000111101111111
Convert 114011244 (base 5) to base 3.
1000000212110
Convert -31813 (base 11) to base 16.
-b49c
What is -1e3bb (base 15) in base 8?
-300646
What is 310015 (base 8) in base 14?
29473
What is 6096a2 (base 11) in base 4?
3233002303
124637 (base 9) to base 15
17607
Convert -251097 (base 12) to base 14.
-119b6b
Convert -421204433 (base 5) to base 6.
-101153151
Convert 20101020200 (base 3) to base 10.
125568
Convert -1121043133 (base 5) to base 9.
-4657711
Convert -12353055 (base 10) to base 6.
-1120434023
3177602 (base 8) to base 9
1537451
Convert 19f72 (base 16) to base 13.
39541
Convert 513261 (b